 - 2*l = -5*g + 186, l - 3*g = 82. Let n = -86 + l. Let s(z) = 87*z - 2. What is the units digit of s(n)?
2
Suppose -64 = -2*x - 5*s, 0 = 3*x - 4*s + 6*s - 85. Let j(p) = 14*p + 77. What is the hundreds digit of j(x)?
4
Let j(v) = -1463*v - 928. What is the tens digit of j(-3)?
6
Suppose 0 = 2*z + 4*g - 14930, -26*z + 27*z = 2*g + 7457. What is the hundreds digit of z?
4
Let s be (0 - 3)/1*35/21. Let m be (8/5)/(-4)*(0 + s). Suppose -3*o = -5*c - 299, -m*o + 96 = -5*c - 110. What is the units digit of o?
3
Let w = -264 + 281. Suppose w*y + 3*y = 12800. What is the hundreds digit of y?
6
Suppose -425*d + 430*d = 176990. What is the ten thousands digit of d?
3
Let t(j) = j - 30. Let c be t(17). What is the tens digit of (14 + c)/(2/(-4)) - -76?
7
Let q = 34 + 21. Let y = q + -53. Suppose y*b - 5*b + 274 = -2*d, -5*d + 20 = 0. What is the units digit of b?
4
Let i(y) = y**2 + 9*y + 16. Let n be i(-5). Let z be n/6 - (-196)/42. Suppose z*v + 368 = 2*b, 2*b = 7*b - 5*v - 915. What is the hundreds digit of b?
1
Let l = -4786 - -4836. What is the tens digit of l?
5
Suppose 44 = -12*m + 140. Let s be 47 - (2 + (1 - 1)). Suppose m*l - s = 483. What is the units digit of l?
6
Let z be (1/(-2))/(9/(-126)). Suppose -z*c = 3 - 3. What is the units digit of 2 - (c + (-89 - (3 + -2)))?
2
Suppose 2*v = 0, -3*v = -2*u + 2*v - 16. Let p be ((-345)/12)/((-14)/u - 2). Suppose 2*j - p = -29. What is the tens digit of j?
4
What is the thousands digit of (-7 - (4 + -21)) + 34153 - (1 + 2)?
4
Suppose -5*q + 16 = 1, -5*q = -x. Let b(u) = 12 + x*u - 33*u + 22*u. What is the tens digit of b(10)?
5
Let a(l) = -2*l - 8. Let i be a(-5). Suppose 2*z - r + 400 - 75 = 0, -322 = 2*z - i*r. What is the units digit of (4/(-6))/(20/15)*z?
2
Suppose 1983 = 12*r - 2997. Let m = r - 156. What is the units digit of m?
9
Suppose 793*r + 2044 = 807*r. What is the tens digit of r?
4
Let w be -8*1/(-8) + -999. What is the tens digit of -2 + 11 - 9 - (1 + w)?
9
Let y be ((-5)/15)/(3/(-261)*1). Suppose -5*o + y = -1. What is the units digit of (-3)/o + 129/6?
1
Let g(v) = 33*v + 2682. What is the units digit of g(0)?
2
Let y(s) = -6*s + 18. Let f be y(-3). Suppose 2*c = 38 - f. Suppose c = g - 7. What is the units digit of g?
8
Let j be 26/(-5) - 4/5. Let r be (-28)/(-6) - j/(-9). Suppose 187 = 3*a + x, -r*x = a - 7*x - 59. What is the tens digit of a?
6
What is the units digit of 15/(45/90183) + -9?
2
Suppose -i - 2*a - 2*a + 13 = 0, -4*a - 7 = -3*i. Suppose 0 = i*g + 5*r - 0*r - 3295, -675 = -g - 5*r. What is the tens digit of g?
5
Let d(o) = -o**3 + 3*o**2 + 5*o + 7. Let j be d(4). Suppose -8*g - 273 = -j*g. Suppose -3*n = 1 - g. What is the units digit of n?
0
Suppose -2*u = -9359 - 139. What is the units digit of u?
9
Let a(z) = 25*z**2 + 22*z - 83. What is the thousands digit of a(12)?
3
Let z = -21 - -23. Suppose -3*w - 13 = -5*f, -5*w - 5 + 4 = z*f. Suppose f*j - 96 = 4*s, 4*s + 72 - 246 = -3*j. What is the tens digit of j?
5
Let d(b) = 3*b**2 - 18*b - 53. Let h be d(-5). Let g = 234 + h. What is the units digit of g?
6
Let t = -61 - -94. Let v(k) = -k**3 + 27*k**2 + 25*k + 86. Let c be v(28). Suppose c*r + t = 3*r. What is the tens digit of r?
3
Let q(g) = 4*g - 2*g**2 - 3*g - 12 - 4*g + 16 + g**3. Let b be q(3). Suppose -47 = 4*r + 2*f - 135, 0 = 5*r - b*f - 123. What is the tens digit of r?
2
Let u = -83 + 51. What is the hundreds digit of 624/u*92/(-6)?
2
Suppose 5599*l - 5616*l + 221297 = -147722. What is the hundreds digit of l?
7
Let f(m) = -95*m**3 - 138*m**2 + m - 26. What is the ten thousands digit of f(-9)?
5
Let m(v) = 706*v**3 + 9*v + 8. Let w be m(-1). What is the tens digit of 5/10 - w/14?
5
Let c(y) = -2*y**2 + 2*y - 2. Let q be c(2). Let p be 2/q + -71*35/15. Let s = -63 - p. What is the units digit of s?
3
Let u = 1190 - 336. What is the hundreds digit of u?
8
Let r = -3957 - -7870. What is the hundreds digit of r?
9
Suppose -5*r - 254 + 769 = 0. Let q = -79 + r. Suppose -q = -2*k + 4. What is the units digit of k?
4
Suppose 3*x = -12, 2*t + 4*x - 2*x - 5118 = 0. What is the units digit of t?
3
Let w(l) = 32*l**2 + 3*l + 2. Let y(n) = -7 - 2*n - 4 + 3*n + 2. Let o be y(7). What is the units digit of w(o)?
4
Suppose 5*g + 83 = 18. Let a be 15/(-5) - g*12. Let t = a - 81. What is the units digit of t?
2
Let s = 40 + -34. Let k(g) = s*g - 27*g**3 + 3*g**2 + 5*g**3 - 1 + 10*g**3. What is the units digit of k(-2)?
5
Let h = 31 - -17. Suppose 26*y = 28*y + h. Let g = 142 + y. What is the hundreds digit of g?
1
Let d be -5154*(-6)/9 - (-6 + 11). Let j = d + -2388. What is the thousands digit of j?
1
Let f = -10836 - -15247. Suppose 0 = 9*j - 3320 - f. What is the units digit of j?
9
Suppose 0*p + 3*p = 9. Suppose 5*j - 2*f = 21, -7*j + 3*f = -12*j + 31. Suppose 58 - p = j*l. What is the tens digit of l?
1
Suppose -8*x - 14 = -14. Let h(c) = c**2 + c + 417. What is the tens digit of h(x)?
1
Suppose 146*x = -6*s + 145*x + 81965, 5*x + 5 = 0. What is the hundreds digit of s?
6
Suppose 58633 = 43*q - 46459. What is the tens digit of q?
4
Suppose 8*o = 28 - 12. Suppose 5*f = w + 1493, 4*w = -o*f - 0*w + 606. What is the tens digit of f?
9
Let j be 506/10 + -1 + 14/35. Suppose k - j + 36 = 0. Suppose -3*x = -k*x + 2915. What is the hundreds digit of x?
2
Suppose 2*s - w - 4*w = 516, 0 = -2*w. Let p = 539 - s. Let y = -174 + p. What is the tens digit of y?
0
Let k be 0 - -200 - (1/1 - 1). What is the units digit of 7 + 138/(-18) - k/(-3)?
6
Let p(z) be the third derivative of z**4/24 - 7*z**3/6 - 23*z**2. Let y be p(9). Suppose y*d + 117 = 11*d. What is the tens digit of d?
1
Let t(z) = 2*z**2 - 3*z + 16. Let h be t(-7). Suppose -h*i - 105 = -136*i. Suppose -3*o = i - 939. What is the hundreds digit of o?
2
Let r be (((-6)/9)/(-1))/(4/(-108)). Let m = r - -21. Suppose 5 = -3*l - 1, -m*h - l = -1. What is the units digit of h?
1
Suppose 0*u = 5*p - 4*u - 11, 0 = 2*p - u - 2. Let b(k) = -529*k**3 + k**2 - 3*k - 4. What is the units digit of b(p)?
9
Suppose -30*c + q = -28*c - 2, 0 = -c + 2*q - 2. What is the tens digit of 1650 + (-2)/c + (-1 - 1)?
4
Let b be 10/((-2)/9 - (-160)/72). Suppose -b*c - 5*n = -3*c - 588, 5*c - 1512 = -2*n. What is the tens digit of c?
0
Let a(w) = -27*w - 1. Let v be a(-3). Suppose -y = -6*y + v. Let q = y + 36. What is the units digit of q?
2
Let y = -12 + 37. Suppose 21*d = y*d - 4144. What is the tens digit of d?
3
Let u(p) = p**2 + 32*p + 210. Let v be u(-7). What is the tens digit of 7/v + (-21098)/(-35)?
0
Suppose -28*d + 1390390 - 126190 = 0. What is the thousands digit of d?
5
What is the thousands digit of (-5166)/12*(-1610)/105?
6
What is the ten thousands digit of 28460/(-70)*(-2464)/64?
1
Suppose -6*n = 6194 + 14338. Let i = n - -4808. Suppose 7*k + 7*k = i. What is the tens digit of k?
9
What is the tens digit of (-19)/(-76) + ((-456814)/(-8) - (-55 + 52))?
0
Suppose -5*h + 1 = -4, 0 = 5*c + 2*h - 6372. Suppose 16*w + 965 - 8741 = 0. Suppose 0 = -4*t - y + 803, 4*t + 4*y - c = -w. What is the units digit of t?
2
Suppose 40 - 152 = -4*x. Suppose -x*k - 5415 + 17147 = 0. What is the units digit of k?
9
Suppose -3*y + 3269 = 2*y + 3*d, 4*d = -y + 664. Suppose 112*k - y = 110*k. What is the tens digit of k?
2
Suppose 0 = -34*r + 377440 - 81334. What is the tens digit of r?
0
Let h(r) = 12*r**2 - 4524 + 4648 + 27*r**2 - 9*r. What is the hundreds digit of h(7)?
9
Suppose -103310 = -4*a - 376*x + 378*x, 0 = -a + 4*x + 25831. What is the ten thousands digit of a?
2
Suppose 0 = 9*l + 16 - 34. Suppose 5696 = 5*s - l*p, -3 + 6 = -p. What is the thousands digit of s?
1
Let i = -710 - -1193. Suppose -5*f = -10*f + 3*b + i, 2*f = -2*b + 206. What is the units digit of f?
9
Let b(m) = m**2 - 8*m - 62. Let c be b(13). Suppose 4*n - 585 = -5*u, -3*u + 512 = 5*n - 216. Suppose -62 = -k + a + n, -a = c. What is the hundreds digit of k?
2
Suppose 249*f - 246*f = 6*q + 35706, -5*f + 4*q = -59540. What is the units digit of f?
2
Let z be 5/20 + 18234/24. Suppose -12 = -0*r - 3*r, -z = -4*y - 2*r. What is the hundreds digit of y?
1
Let b = 37 - -384. Let a = b - 113. Let m = 447 - a. What is the tens digit of m?
3
Let q(u) = -23*u**2 - u + 64 - 15 + 24*u**2. Let c(n) = n**3 + 10*n**2 + 11*n + 18. Let m be c(-9). What is the units digit of q(m)?
9
Let s(j) =